381 (base 13) in base 11?
507
What is -375 (base 12) in base 9?
-638
6276 (base 9) to base 5
121410
Convert 38aa (base 14) to base 7.
41003
232131 (base 6) to base 9
30301
Convert -393 (base 13) to base 4.
-21303
31331 (base 4) to base 14
47b
6344 (base 14) to base 16
42d8
-7a2a (base 15) to base 10
-25915
-422014 (base 5) to base 6
-144505
Convert 13672 (base 10) to base 3.
200202101
What is 3157 (base 8) in base 7?
4542
Convert 976 (base 15) to base 12.
12a0
What is 1101100011 (base 2) in base 6?
4003
-534 (base 8) to base 2
-101011100
152 (base 14) to base 16
10c
What is 103223 (base 4) in base 16?
4eb
-204102 (base 5) to base 6
-51213
What is -1122330 (base 4) in base 16?
-16bc
21403 (base 5) to base 11
1124
What is -114533 (base 8) in base 14?
-10443
What is 1000201 (base 3) in base 12?
524
212b4 (base 13) to base 11
40a28
What is -20045 (base 12) in base 2?
-1010001000110101
Convert -10112222 (base 3) to base 12.
-15bb
-108 (base 14) to base 2
-11001100
What is -619 (base 12) in base 4?
-31311
-10010111010010 (base 2) to base 7
-40141
Convert -31011 (base 5) to base 4.
-133112
1210 (base 6) to base 11
248
1014202 (base 5) to base 13
7856
5703 (base 13) to base 11
9165
What is 1594 (base 13) in base 2?
110001011011
-123033 (base 4) to base 9
-2346
Convert 46201 (base 7) to base 14.
4401
-2103301 (base 4) to base 14
-3637
Convert -114 (base 12) to base 2.
-10100000
Convert 3103011 (base 4) to base 2.
11010011000101
What is -1163 (base 11) in base 2?
-10111110001
What is 11685 (base 9) in base 10?
7853
What is 8a0 (base 13) in base 9?
2026
What is 111031 (base 4) in base 6?
10141
Convert 206 (base 7) to base 6.
252
What is 1120011 (base 3) in base 4?
101302
Convert -11111100 (base 2) to base 9.
-310
220042 (base 5) to base 9
11277
Convert -c94 (base 14) to base 11.
-1957
What is -236 (base 12) in base 15?
-170
-361c (base 16) to base 5
-420402
2ba (base 12) to base 9
527
24535 (base 6) to base 14
1495
Convert -10110201 (base 4) to base 10.
-17697
What is 1000021 (base 4) in base 13?
1b3a
What is -110 (base 15) in base 13?
-156
What is 290a (base 12) in base 6?
34014
117 (base 12) to base 13
c7
Convert -2d (base 16) to base 6.
-113
What is -11111100110100 (base 2) in base 15?
-4bda
Convert 1149 (base 10) to base 14.
5c1
Convert -1b4 (base 16) to base 4.
-12310
What is -16707 (base 8) in base 2?
-1110111000111
What is 184 (base 15) in base 3?
110221
Convert 97c (base 15) to base 5.
32032
What is 1101101 (base 3) in base 12?
701
What is -442442 (base 6) in base 5?
-2140030
122221121 (base 3) to base 11
9915
Convert -103a3 (base 11) to base 3.
-202201220
What is 20101 (base 10) in base 11?
14114
Convert 1001101011010 (base 2) to base 7.
20305
-12211 (base 4) to base 5
-3141
What is 6462 (base 11) in base 4?
2011122
What is -1212112012 (base 3) in base 11?
-25745
Convert -131505 (base 6) to base 3.
-121112212
Convert 2455 (base 14) to base 10.
6347
-250240 (base 7) to base 12
-22581
What is 4011222 (base 5) in base 8?
173520
2441 (base 6) to base 13
373
Convert 993 (base 14) to base 12.
1119
-4230 (base 5) to base 10
-565
What is 5262 (base 12) in base 8?
21452
What is 1154 (base 6) in base 12?
1ba
What is 1021221011 (base 3) in base 4?
12031321
Convert -d04b (base 16) to base 12.
-26a37
-31022 (base 4) to base 2
-1101001010
-1275 (base 10) to base 3
-1202020
What is b610 (base 14) in base 12?
161a6
3423 (base 5) to base 3
200002
Convert 4332 (base 7) to base 9.
2103
Convert 210210000 (base 3) to base 4.
3320010
1001010 (base 2) to base 5
244
-15290 (base 16) to base 3
-11101220002
-2235 (base 6) to base 7
-1352
Convert 362 (base 13) to base 14.
2dd
Convert 200002210 (base 3) to base 15.
3d9c
-10010220 (base 4) to base 3
-211212210
What is 2444 (base 9) in base 2?
11100011110
Convert -20103 (base 5) to base 16.
-4fe
-2455 (base 9) to base 10
-1832
Convert -1217 (base 11) to base 15.
-711
22261 (base 7) to base 16
15fd
-1420 (base 7) to base 15
-26d
-1011131 (base 4) to base 5
-120240
What is 3654 (base 8) in base 10?
1964
-10012011 (base 3) to base 16
-916
Convert 201222 (base 4) to base 12.
12b6
What is 3508 (base 11) in base 4?
1013332
Convert 1110101100 (base 2) to base 16.
3ac
Convert -1c6 (base 15) to base 8.
-633
Convert 6057 (base 10) to base 6.
44013
Convert -1b978 (base 12) to base 16.
-a0ac
-cb (base 15) to base 9
-232
What is 486 (base 9) in base 2?
110010010
1202002 (base 3) to base 8
2367
Convert 11393 (base 12) to base 9.
34503
427 (base 9) to base 5
2344
What is -10001011111001 (base 2) in base 5?
-241303
Convert -1664 (base 10) to base 16.
-680
2a8 (base 14) to base 6
2300
What is -451 (base 14) in base 8?
-1527
Convert -563 (base 13) to base 4.
-32132
What is 2443431 (base 5) in base 12?
23071
Convert -70c (base 15) to base 8.
-3063
Convert -1010110000 (base 2) to base 4.
-22300
Convert -6b3b (base 12) to base 5.
-340444
885 (base 11) to base 16
425
-8a9 (base 14) to base 8
-3265
35152 (base 7) to base 2
10001100101100
-348 (base 11) to base 8
-637
What is 260526 (base 7) in base 2?
1011110010011101
What is -120020 (base 3) in base 14?
-215
223103 (base 4) to base 11
209a
a43 (base 11) to base 6
5453
Convert 37040 (base 8) to base 15.
4aa4
What is -5046 (base 7) in base 5?
-23444
Convert -715 (base 11) to base 14.
-459
668b (base 13) to base 3
201122001
1361 (base 10) to base 13
809
-1313203 (base 4) to base 10
-7651
128 (base 15) to base 11
21a
10001000201 (base 3) to base 16
e995
-318 (base 13) to base 7
-1353
121343 (base 6) to base 4
2213133
-43302 (base 5) to base 14
-110c
Convert 32545 (base 11) to base 10.
47239
Convert -224421 (base 5) to base 12.
-483b
Convert -394 (base 14) to base 15.
-32d
What is -110110 (base 4) in base 15?
-5ba
What is -258 (base 10) in base 14?
-146
Convert 418 (base 16) to base 5.
13143
Convert c109 (base 15) to base 7.
226521
What is 3720 (base 10) in base 16?
e88
Convert -873 (base 9) to base 10.
-714
What is 145656 (base 8) in base 7?
305006
What is a730 (base 12) in base 9?
27120
-10 (base 13) to base 11
-12
What is -115 (base 14) in base 8?
-327
4104 (base 5) to base 9
647
-1525 (base 6) to base 2
-110011101
What is -58266 (base 9) in base 4?
-21133023
Convert c1b7 (base 14) to base 15.
9ce0
3314 (base 6) to base 4
23332
What is -1297 (base 10) in base 13?
-78a
Convert 15258 (base 9) to base 15.
314b
What is -10000110 (base 2) in base 10?
-134
-101030 (base 4) to base 15
-4d5
-500 (base 8) to base 7
-635
What is -24a0 (base 16) in base 2?
-10010010100000
Convert -8028 (base 14) to base 6.
-245444
23558 (base 9) to base 5
1001032
What is 77067 (base 8) in base 4?
13320313
Convert 1120340 (base 5) to base 13.
91ba
Convert -963 (base 12) to base 8.
-2533
-1c3 (base 16) to base 10
-451
-337 (base 11) to base 10
-403
Convert -346c (base 16) to base 10.
-13420
What is 1000011111111110 (base 2) in base 15?
a4ae
What is 6444 (base 8) in base 12?
1b44
Convert 10131232 (base 4) to base 12.
a6ba
Convert -112101 (base 3) to base 14.
-1da
What is -cccc (base 13) in base 4?
-12332100
-1010010100111 (base 2) to base 8
-12247
-50 (base 13) to base 4
-1001
Convert 101101001001 (base 2) to base 8.
5511
What is 223212 (base 6) in base 14?
6c40
Convert 231 (base 16) to base 3.
202210
What is 1422 (base 5) in base 12?
179
Convert 8327 (base 13) to base 10.
18116
Convert -11d1c (base 14) to base 4.
-22223112
Convert -111 (base 4) to base 11.
-1a
What is -233 (base 6) in base 8?
-135
Convert 24620 (base 8) to base 10.
10640
29a74 (base 12) to base 15
12537
Convert 11100110011 (base 2) to base 11.
1426
-3323 (base 6) to base 11
-641
1303342 (base 5) to base 7
134156
Convert -390 (base 10) to base 4.
-12012
67c9 (base 15) to base 11
155a3
Convert 1010010001 (base 2) to base 4.
22101
Convert -1724 (base 11) to base 3.
-10000122
2173b (base 12) to base 13
171b3
-36303 (base 7) to base 10
-9411
Convert -816 (base 16) to base 12.
-1246
1111100 (base 2) to base 15
84
Convert -6429 (base 10) to base 2.
-1100100011101
4dc1 (base 16) to base 10
19905
What is -2535 (base 6) in base 2?
-1001111011
18831 (base 14) to base 15
1356e
Convert -110 (base 11) to base 10.
-132
Convert 1ce9 (base 16) to base 14.
29a9
What is 11132 (base 5) in base 2?
1100011000
10010101010001 (base 2) to base 8
22521
What is 12296 (base 12) in ba